s the tens digit of 4 - (-6550)/(13 - 8)?
1
What is the tens digit of 495 + -4 - 0 - -7?
9
Suppose 0*u = -3*u + 51. Suppose c = t + u + 9, 3*c = -3*t - 54. Let m = t - -79. What is the tens digit of m?
5
Let y = 19 - 28. Let p(a) = -5*a - 5. What is the units digit of p(y)?
0
Suppose 3*b + 3*h - 24 = 0, 4*b - 12 = h - 0*h. Let k be (27*b)/((-12)/12). Let x = k + 161. What is the units digit of x?
3
Let x be (-18)/((-2)/((-52)/3)). Let s be x/6 - 2*-1. Let h = 0 - s. What is the tens digit of h?
2
Let k = -4 + 6. Suppose 5*q + 1 = q - d, -k*d - 10 = 0. Let p = 10 - q. What is the units digit of p?
9
What is the hundreds digit of ((-7)/(70/(-16)))/(30/10275)?
5
Suppose -2*z + 634 = 2*z + 3*v, -783 = -5*z + v. Let n be ((-5)/(-3) - 0)*-60. Let a = n + z. What is the tens digit of a?
5
Suppose -12*p = -1445 - 3847. What is the tens digit of p?
4
Let u(w) = -w + 24. Let t be u(11). Let s = t - -102. What is the hundreds digit of s?
1
Suppose -5*h - 900 = -10*h. Suppose 0 = 29*v - 26*v - h. What is the tens digit of v?
6
What is the thousands digit of ((-13)/((-156)/8))/((-2)/(-5013))?
1
Suppose 10*h = 4665 + 715. What is the hundreds digit of h?
5
Suppose -30*b + 190371 = 39*b. What is the units digit of b?
9
Suppose g + 5*w = 12, 4 = -2*g + w + 3*w. Suppose -5*y + 2*a + 33 = 0, -2*y = y + g*a - 7. Suppose -y*j - 85 = -10*j. What is the units digit of j?
7
Let t = 8 - 5. Suppose 5*l - 2*i - 36 = 0, t*l = 4*l + i - 10. Suppose l - 5 = 3*c. What is the units digit of c?
1
Suppose -59*v = -v - 42398. What is the hundreds digit of v?
7
Suppose 4*l + 0*m - 615 = -5*m, 2*l - 330 = 2*m. Suppose -l = -9*p + 4*p. What is the units digit of p?
2
Suppose -l + 33 = 5*g - g, -5*l = -5*g + 10. Suppose g = 4*d - 5. Suppose -340 = -d*r - 142. What is the units digit of r?
6
Let j(d) = -67*d + 165. What is the tens digit of j(-43)?
4
Let j = 3467 + -1714. What is the units digit of j?
3
Suppose -20*l - 7 = -19*l. What is the tens digit of 12/(-28) + (-423)/l?
6
Suppose -2*t - 2*t = -124. Let r = 33 - t. Suppose -r*v + v = -3*g + 93, -5*v = g - 15. What is the tens digit of g?
3
Let z(p) = -8*p**3 - 7*p**2 - 2*p - 7. Let g(q) = q**2 + 1. Let o(w) = 6*g(w) + z(w). Let l be o(-1). What is the tens digit of (16 - l)/(2/8)?
3
Let i(o) = 5*o + 2. Let b be i(-4). Let r be 3*-1*24/b. Suppose 0 = -r*y - 12, 5*y = -0*x + x - 71. What is the units digit of x?
6
Let j(b) = b + 111. Suppose 0*c - 2*c - 4*r - 8 = 0, -5*c - 6 = 3*r. What is the hundreds digit of j(c)?
1
Let f be (-4)/(-20) + (-116)/(-20). What is the units digit of (-6)/(-9) + 224/f?
8
Let q(r) = r - 2*r + 3*r - r + 13. Let p be q(-8). Suppose -x = 4*l - 25, 0 = -p*x - 0*x - 5*l + 125. What is the tens digit of x?
2
Suppose 0 = -u + 3*u - 518. What is the units digit of 6*5/10 + -3 + u?
9
Suppose -5 + 0 = 5*c. What is the tens digit of (1/2*c)/(56/(-8512))?
7
Suppose 3989 = 3*s - 5*j, 5*s + 169 = 3*j + 6796. What is the thousands digit of s?
1
Suppose -102 = -b - t + 5*t, 5*b = t + 529. What is the tens digit of b?
0
Suppose 0 = 55*p - 56*p + 795. Suppose -p - 870 = -9*m. What is the units digit of m?
5
Let j(i) = -3*i - 28. Let c be j(-10). Suppose -b = -c*z - 6*b - 16, 5*z + 2*b - 2 = 0. What is the units digit of z?
2
Suppose 62 = 4*i - 50. Suppose -i*d = -22*d - 282. What is the tens digit of d?
4
Suppose -15 = -6*i + 39. Let u be i/((-36)/(-40)) + 2. Let y = u + 11. What is the tens digit of y?
2
Let c(h) be the third derivative of 5*h**4/8 - h**3/2 - 6*h**2. Let y be c(2). What is the units digit of 2*(y + (-2 - -1))?
2
Let t be 12/48 - 2/8. Suppose t = 29*v - 24*v - 365. What is the units digit of v?
3
Suppose v = -16*v + 3740. What is the units digit of v?
0
Let t(m) = 37*m + 5. Let j be t(2). Suppose -5*w = f - 156 - 250, j = w - 2*f. What is the tens digit of w?
8
Let u = 462 + -508. Suppose -2*n + 81 = -n. Let c = n + u. What is the units digit of c?
5
Let h(r) = -17*r + 9. Let c be h(8). Let y = c - -396. What is the hundreds digit of y?
2
Suppose -3*h + 6 = -3*p, 0 = -4*h - 6*p + 3*p + 15. Suppose 0 = -h*i + 6*t - 2*t + 110, -5*i + 155 = -t. What is the units digit of i?
0
Let s = 43 - 25. What is the tens digit of 2*(-3)/(s/(-129))?
4
Let q(l) = -2*l + 12. Let w be q(6). Suppose -4*d + 0*d - 12 = w, -4*d - 39 = -h. Suppose m - 4*r - h + 10 = 0, 4*m + r - 119 = 0. What is the tens digit of m?
2
What is the tens digit of (-794)/(-5)*(-25)/(-10)?
9
Let o(m) = -m**3 - 6*m**2 + m + 34. What is the tens digit of o(-10)?
2
Suppose -d + x + 3402 = 0, -4*d + 10907 = -2*x - 2695. What is the units digit of d?
9
Suppose 2*a - 5*v = 6*a - 1764, 0 = -4*a + 4*v + 1764. What is the hundreds digit of a?
4
Suppose -2*m + 2381 = -o, 0*m + 5*o = 2*m - 2393. What is the hundreds digit of m?
1
Let k(p) be the third derivative of -p**6/15 + p**5/15 + 5*p**4/24 + 13*p**2. What is the units digit of k(-3)?
7
Let f be 2/(-9) - 260/(-117). Suppose -4*z + f = -3*z. Suppose z*t - 4*t = -92. What is the units digit of t?
6
Suppose 0 = -10*b + 26840 - 8340. What is the units digit of b?
0
Suppose -4*d - 14*d - 4590 = 0. Let q = d + 365. What is the tens digit of q?
1
Suppose 2*j + 3*j - 10 = 0. Let v be (-9*1)/(j - 3). Suppose 0 = n - 4*t, 0 = 5*t - 11 - v. What is the units digit of n?
6
Let j(h) = h**3 - 6*h**2 - 7*h + 4. Let y be (1 - (12 - -3))/(-2). Let s be j(y). Suppose 74 = s*b + 18. What is the tens digit of b?
1
Suppose -6 = p - 4, d - 238 = p. What is the tens digit of d?
3
Suppose 0 = -5*i + 3*i + 6. Let d = 87 + i. What is the units digit of d?
0
What is the tens digit of 1237447/1079 - 2/(-13)?
4
Suppose -2*v + 2 = 0, -5*y + 2*v + 738 = 5*v. What is the units digit of y?
7
Let o = 153 + 907. What is the units digit of o?
0
Suppose -21*x = -16*x + 5*u - 5250, 4*u - 3149 = -3*x. What is the thousands digit of x?
1
Suppose -2*y - 1 + 1 = 0. What is the units digit of -1 - y - ((-196)/4 + -5)?
3
What is the tens digit of (-267)/(62/(-14) + 4)?
2
Suppose 35 = 4*t - m - 4*m, 3*t - 31 = -m. Suppose 0*p - 5*p = -t. Suppose -4*n = -p*n - 5*b - 35, 0 = 4*n - 3*b - 91. What is the units digit of n?
5
Let u(t) = 4*t - 7. Let p be u(7). Suppose -3*l - 2*d = -0*l - 15, 4*l = -3*d + p. What is the units digit of l?
3
Let i = 121 - 121. Suppose i*k = -k, -l + 5*k = -207. What is the units digit of l?
7
Suppose -2*k + 2 = i + 3, 2*i = 2*k - 2. Suppose k*l + 2*l = 0. Suppose 4*v + l*v - 145 = -5*j, -j = v - 29. What is the units digit of j?
9
Let f(b) = b**2 - 4*b. Let s be f(6). Suppose -5*a + 7*a = s. Let q(o) = o**3 - 6*o**2 + 2*o + 7. What is the units digit of q(a)?
9
Suppose 457 = -4*c - 5*m, 5*c - m + 530 = m. What is the units digit of 231/(-6)*c/21?
8
What is the hundreds digit of (-1)/(-1)*(-2 - 2 - -118)?
1
What is the hundreds digit of (1/3)/(4/47244)?
9
Let q(p) = -p**3 + 6*p**2 + 6*p + 4. Let s be q(7). Let u be ((-154)/21)/((-2)/s). Let t = 3 - u. What is the tens digit of t?
1
What is the thousands digit of (11 - 13)/(-1*(-4)/(-4712))?
2
Suppose -8*r + 7 + 9 = 0. Suppose 3*w - 84 - 495 = -5*h, -4*w + r*h + 772 = 0. What is the units digit of w?
3
Suppose -380 - 1174 = -u. What is the hundreds digit of u?
5
Let k(r) = -r**3 + 12*r**2 - 9*r. What is the tens digit of k(8)?
8
Suppose 24*r = 28*r - 9220. What is the thousands digit of r?
2
Let k(i) = -24*i - 12. Let z be k(-14). What is the units digit of (-1 - 15/(-9))/(6/z)?
6
Suppose -3*b + 13720 = -f, 1129 = 3*b + 4*f - 12586. What is the hundreds digit of b?
5
Let h = -684 + 703. What is the tens digit of h?
1
Let p(b) = -127*b**3 + 4. What is the tens digit of p(-2)?
2
Suppose 16*y - 86 = 14*y. Suppose 4 - 9 = c, -4*n - c + y = 0. What is the tens digit of n?
1
Suppose -4*f - 17 = -41. What is the units digit of ((-2550)/(-21) - f/14)/1?
1
Let i = -829 - -1924. What is the tens digit of i?
9
Let q = 740 + -334. What is the hundreds digit of q?
4
Let l be 1729/28 - 2/(-8). Let r = 22 + l. What is the units digit of r?
4
Let b be 5/1 + (2 - 3). Suppose -5*c = 5*d - 35, 4*d - 2*d - 3*c + 6 = 0. Suppose -3*f = f + 3*o - 63, 81 = b*f - d*o. What is the units digit of f?
8
Suppose 0 = -p + d + 28, 0*p - 3*d = 2*p - 61. Let h = p + -6. Suppose 0 = -u + 1 + h. What is the units digit of u?
4
Suppose 3*k + 4*x - 108 = 44, -4*x = -3*k + 160. Suppose s - 23 = k. What is 